10 + 12).
-5
Calculate 9 + 7 - 12 - (15 + -1).
-10
Evaluate -2 + 1 + 12 + -16.
-5
What is 18 - 26 - (4 - (0 + 6))?
-6
What is -3 - 1 - (-8 - (6 + -11))?
-1
What is the value of -5 - -2 - (2 + -4)?
-1
What is -1 + -3 + 4 + -2 + -2?
-4
Evaluate -8 + 2 + (11 - (16 - 7)).
-4
Evaluate 9 - (0 + 0 - -8).
1
What is 5 + (-8 - (-2 + -5))?
4
Evaluate -5 + (9 - (7 - 3)).
0
What is 1 - (-2 + (5 - (-3 + 5)))?
0
What is the value of (1 - 7) + 3 - (6 + -8)?
-1
What is the value of (10 - 5) + -2 + (-2 - -3)?
4
Calculate 10 + -9 + -9 + 5.
-3
Calculate -1 - (1 - (-3 - -3)).
-2
What is the value of 9 + -2 + 1 + (-8 - 3)?
-3
Calculate -8 + -1 + (6 - -10).
7
Evaluate (2 - 5) + -3 - -11.
5
-5 + 2 + 4 + -2
-1
-2 - (-1 - (-5 - -2))
-4
What is the value of (0 - -6) + -2 + 1?
5
Evaluate 0 + 14 + (-99 - -91).
6
Calculate (-2 - (3 - 0 - 2)) + 0.
-3
What is (-22 + 5 - -9) + -1?
-9
What is -4 + (11 - 6) + 1 + 1?
3
9 + -2 + -1 + -2
4
6 - (1 - (1 + -3 + 2))
5
What is the value of -2 + 10 + (-4 + 1 - 1)?
4
Calculate (-8 - -5) + -6 + 6.
-3
What is -1 - 6 - (-15 + (0 - -7))?
1
Evaluate (-1 + 1 - -1) + 1.
2
Calculate (-5 - (-6 + 2)) + 0.
-1
What is the value of 2 - ((5 - 1) + (3 - 1))?
-4
Evaluate -7 - -15 - 5 - (-1 + -1).
5
Calculate 12 - (11 + -10 + 20).
-9
Evaluate -2 + (3 - -1 - (4 + 3)).
-5
What is the value of 4 + -5 + (-3 - -8) + 3?
7
What is -9 - (8 - 16) - (1 + 1)?
-3
Evaluate 5 + -1 + -17 + (-3 - -7).
-9
Evaluate (1 - 1) + -10 + 12 + -3.
-1
-1 - ((6 - 9) + 9 + 0)
-7
Calculate (-3 - 0) + 0 + -2 + 2.
-3
Evaluate -21 + (-3 - -18) + (0 - -9).
3
What is 4 - ((1 - -3) + (-4 - -1))?
3
What is the value of (4 - -6) + 6 + -9?
7
Calculate 9 + (0 - (15 - 7)).
1
Evaluate -1 - (-2 + 3) - -4 - 3.
-1
What is (-4 - 2) + 1 + -1?
-6
What is the value of (-1 - -8 - 0) + -46 + 42?
3
Calculate (10 - 6) + -1 + -2 - 2.
-1
What is the value of (-1 - 1) + (5 - (4 + -1))?
0
16 + (4 - 8 - 1)
11
46 - 47 - (1 + -1)
-1
Calculate -4 + 1 + 5 + (0 - 1).
1
What is -3 + 7 - (-9 + 22)?
-9
(7 - (-4 - (-1 - -2))) + -8
4
3 + (1 + -5 - -4)
3
What is 2 - (0 + -3) - 1?
4
What is 4 - (2 + (-2 - -4))?
0
What is the value of 3 + (2 - 4) + (-13 - -15)?
3
What is 9 + -12 - (0 + 0)?
-3
Evaluate 0 + -1 + -4 + -1 - -4.
-2
What is 2 - (3 + -1 + 4)?
-4
Calculate -4 + -1 - (34 - 38).
-1
What is the value of (2 - -1 - 3) + -4?
-4
What is 1 + (1 - 1) - (16 - 20)?
5
What is the value of (-1 - 2) + -8 + 7 + -2?
-6
Evaluate (-8 - -6) + (-4 - -7) - -4.
5
Evaluate -6 - (-18 + (8 - 2) + 1).
5
-4 + -2 + (-15 - -24)
3
What is the value of 0 + -1 + -7 + 8 + 3?
3
What is the value of 6 + (-30 + 29 - (1 + -4))?
8
What is -1 - ((5 - 11) + 10)?
-5
What is (-3 - -1) + (2 - -3) + -6?
-3
What is (-2 - 2) + 0 + -8 + 8?
-4
-3 + -3 + 6 + 1 + -1
0
What is -9 - (5 - (0 + 15))?
1
Calculate 4 - 2 - ((-8 - 3) + 14).
-1
Evaluate (-8 - 0 - -4) + 10 + -9.
-3
Calculate (0 - 3) + 6 - (-5 + 9).
-1
What is the value of 15 - ((6 - 3 - -8) + -6)?
10
(-2 - -2) + 7 + (1 - 14)
-6
What is the value of (-1 + (3 - -1) - 0) + -1?
2
What is the value of 6 - 4 - (6 + 0) - -9?
5
What is 0 + 0 + -7 + 9 - 3?
-1
Calculate -5 - (-4 - 3) - -1.
3
Evaluate 4 + (5 + -6 - -5) + -2.
6
Evaluate (0 - 6) + (8 - 3).
-1
Evaluate -9 - (-3 + (-10 - -5) + 4).
-5
Calculate 1 + 0 + (-2 - 0 - 0).
-1
What is the value of 4 + (9 + -4 - 17) - -4?
-4
Calculate -6 - -1 - 2 - (-8 - -4).
-3
Calculate -2 + (11 + 2 - 21).
-10
-8 + 1 + (38 - 31)
0
Calculate -2 - (-3 + -5 + 5 + -2).
3
-5 - (-6 - -10 - 4)
-5
Evaluate -3 + 32 + -27 + (-7 - 1).
-6
What is (-8 - (-12 - -4)) + 6 + -1?
5
-2 - ((2 - 4) + 5)
-5
What is -1 + 2 + -5 + 2 + 0?
-2
Calculate 0 - (-3 + 2 + 0 + -4).
5
What is -4 + 3 + 1 + -13 + 21?
8
Calculate (-1 - 0) + 14 + -8.
5
(-7 - 0) + (10 + -24 - -22)
1
Evaluate (-2 - 0) + 2 - (34 + -28).
-6
Evaluate (-1 - 0) + -6 + 11.
4
Calculate -6 - ((0 - 0) + -3).
-3
-3 + (0 + -5 - -9)
1
Evaluate 1 - (11 + 8 + -11).
-7
4 - 0 - (18 - 14)
0
What is 0 - (1 + -3 + -1 + 1)?
2
Evaluate -3 - (4 + -4 + -2 + 4).
-5
Evaluate -5 + (6 - 3) + (2 - 2).
-2
(-1 - 2) + -1 + 7
3
Evaluate -15 + -8 + 35 + -6.
6
Calculate 6 - 24 - (-12 + 2).
-8
What is -6 + 3 + 7 + -3 - 4?
-3
What is -4 + 3 + -1 + 1?
-1
What is the value of 1 + -6 + 0 + 2?
-3
16 - (-5 + 9) - 21
-9
Evaluate 7 - -1 - (-4 - (-7 - 0)).
5
Calculate 7 + -3 + -49 + 38.
-7
(0 - (9 - 0)) + 6
-3
What is -1 + 1 - (-11 + 7)?
4
Evaluate 23 + -1 + -2 + -1 + -8.
11
Calculate -1 + (3 - (-3 - (-2 - 0))).
3
Evaluate (2 - (3 + -3)) + (-2 - 2).
-2
2 - 0 - (19 - (6 + 3))
-8
Calculate (-12 - -9 - -10) + -11.
-4
Calculate 1 - (-3 + -1 + 10).
-5
What is 0 + -2 + 4 + 1 + -3?
0
5 - 5 - (0 + -4)
4
What is the value of 3 + 0 + 0 - (2 + -4)?
5
Evaluate (-7 - -3) + 1 + -1 - 0.
-4
What is 2 + (-3 - (-6 - -7))?
-2
Evaluate -4 + (9 - (1 - -3)).
1
20 - 24 - (-1 + 1 + -1)
-3
What is the value of -1 + (2 - 1 - 2) + -2?
-4
Evaluate 0 + -6 + (0 - 0) + 2.
-4
What is -2 + 9 + -8 - -1?
0
Evaluate (-13 - -17) + -2 + 2 + -3.
1
Calculate -5 - -14 - ((0 - 3) + 10).
2
What is -7 + (3 - -2) + 0?
-2
(2 - -5) + -4 - 3
0
What is 4 + (-5 - -1 - -3 - 2)?
1
Evaluate -7 - (2 + -10 + -5 + 8).
-2
Calculate -4 - (-12 - 0 - -4).
4
What is the value of 6 + -16 - (-4 - 0)?
-6
Calculate (0 - -4) + (-2 - (9 + -3)).
-4
Evaluate -2 - (6 + -4 + (0 - -1)).
-5
Calculate 6 - (11 + -4 + 4).
-5
Calculate (5 - 4) + -7 + (-1 - -3).
-4
Calculate -1 + -10 - (-42 + 36).
-5
What is the value of (-1 - 0) + -9 + 1 + 10?
1
What is the value of (-3 - -4) + (-4 - -2)?
-1
-5 + -1 + 1 + -10 + 5
-10
Calculate -7 + (1 + 3 - -11).
8
Calculate (2 - (1 - -5)) + 5.
1
What is -8 + (-1 - (2 - 1)) + 5?
-5
What is the value of -3 + 5 + -5 + (-1 - -1)?
-3
Calculate -2 + 8 - (9 - 4).
1
What is the value of (-12 - 1) + 18 - (-4 - 1)?
10
0 + -6 + 7 + -5
-4
What is 3 + (-9 - -8) + -3 - -3?
2
What is the value of (-5 - -9) + (-1 - 1) - 3?
-1
What is the value of (-2 - (1 + -5 + 4)) + 5?
3
What is the value of (-7 - (-2 - 1)) + 3 + 0?
-1
Calculate 6 - (5 + 6 + -2).
-3
What is the value of (-55 - -63) + -9 + 1?
0
What is (26 - 30) + -2 + 2?
-4
(7 - 3 - (2 + -1)) + -1
2
Evaluate 1 - 4 - (-9 - -3).
3
Calculate -18 + 3 - (2 + -10).
-7
Evaluate (1 - (-3 + 5)) + 4.
3
What is (3 + 6 - 7) + -2?
0
What is (0 - -2) + 5 + -5 + -7?
-5
What is 6 - (-3 + (4 + 4 - 3))?
4
What is (8 + -1 - -1) + -1?
7
What is 5 + (-3 - (6 + 0))?
-4
10 - (6 + 3 - 4)
5
Evaluate 1 - (-3 + -2 + 12).
-6
-7 + 6 + 8 + -5
2
What is 9 + 9 + 3 + -27?
-6
Calculate -7 - (-11 + 5) - -5.
4
Calculate (-92 - -78) + (2 - -4).
-8
Evaluate -8 + -3 + 11 - (0 - -1).
-1
Evaluate (-2 - 3) + 3 - (-3 - -2).
-1
What is 9 + (-1 - (0 + 1)) - 4?
3
Calculate (2 + 0 - (14 + -13)) + 1.
2
-1 - (-4 - (-3 - (8 + -4)))
-4
What is 4 - (-5 + 0 + (3 - -7))?
-1
Evaluate 3 + -10 + (0 - (2 + -6)).
-3
Calculate -5 + (0 - -6 - (0 - -2)).
-1
Calculate 1 - (2 + 4 + -10 + 10).
-5
Calculate 11 + -5 + 1 - 7.
0
4 + -11 + (9 - 9) + 3
-4
Evaluate 2 - (-8 + 12 + (-7 - -2)).
3
What is the value of -5 - ((-5 - -1) + 0) - -3?
2
Calculate (4 - (-1 - -2)) + -3.
0
Calculate 1 + 10 + -4 + -6.
1
What is the value of 3 + 3 + (15 - 9 - 12)?
0
What is 3 + 2 - (3 - 1)?
3
-6 - (-11 + 14 + -2)
-7
Evaluate 11 + 2 - (-6 - (-23 - -10)).
6
Calculate 44 + -51 - (-9 + -1 + 2).
1
What is the value of 2 + -2 + (1 - (-2 + -3))?
6
What is the value of 10 - (8 - (10 - 5)) - 5?
2
What is the value of (-1 - -1 - 5) + 1?
-4
Evaluate (-7 - -1) + 3 + (2 - -1).
0
Calculate (17 - 10) + -7 - -5.
5
What is the value of -1 + 1 - ((9 - 10) + -1)?
2
What is the value of 0 + 3 + (7 - 7) + -5?
-2
Calculate 1 + 5 + -2 + 2.
6
Calculate 15 + -13 - (-2 + 1) - 4.
-1
What is (1 - 0) + 1 + -3 + 2?
1
1 + -9 + -350 + 348
-10
What is (-5 - -1) + (-1 - (-11 + 2))?
4
-12 + (-4 - (-4 - 6))
-6
What is (0 - -2) + 1 - (7 - 1)?
-3
Evaluate -5 + 5 + (2 - 5) + 0.
-3
(3 - -2) + 1 - (30 + -20)
-4
What is (-4 - (7 + -12)) + -5?
-4
What is the value of 4 - ((26 - 32) + 4 + -1)?
7
What is 3 + 11 + -15 - (0 + -1)?
0
Calculate (1 - 0) + (-6 - (-9 + 2)).
2
Calculate -2 + (8 - 5) + -6 + 0.
-5
Calculate -7 + (-6 - -4 - -14 - 2).
3
Evaluate -2 + 6 + -3 + 0 + 1.
2
What is 3 + -5 + 1 + 2?
1
What is the value of -4 + (-14 - -9 - (-4 - 0))?
-5
What is 9 - 0 - (11 + -7)?
5
What is 7 - ((4 - -4) + 0)?
-1
What is the value of -2 - (2 + -3) - (0 + -4)?
3
What is the value of -4 - -8 - (-1 - -2)?
3
What is t